{"id":12,"date":"2020-01-14T19:31:09","date_gmt":"2020-01-14T19:31:09","guid":{"rendered":"https:\/\/luisahausundgarten.de\/?page_id=12"},"modified":"2020-05-23T21:43:42","modified_gmt":"2020-05-23T19:43:42","slug":"garten","status":"publish","type":"page","link":"https:\/\/luisahausundgarten.de\/?page_id=12","title":{"rendered":"Garten"},"content":{"rendered":"\n<p style=\"color:#ffffff\" class=\"has-text-color has-small-font-size\">Gartenarbeiten aller Art<\/p>\n\n\n\n<figure class=\"wp-block-image size-large is-resized\"><img decoding=\"async\" src=\"https:\/\/luisahausundgarten.de\/wp-content\/uploads\/2020\/02\/Garten-1024x366.png\" alt=\"\" class=\"wp-image-1544\" width=\"206\" height=\"74\" srcset=\"https:\/\/luisahausundgarten.de\/wp-content\/uploads\/2020\/02\/Garten-1024x366.png 1024w, https:\/\/luisahausundgarten.de\/wp-content\/uploads\/2020\/02\/Garten-300x107.png 300w, https:\/\/luisahausundgarten.de\/wp-content\/uploads\/2020\/02\/Garten-768x274.png 768w, https:\/\/luisahausundgarten.de\/wp-content\/uploads\/2020\/02\/Garten.png 1215w\" sizes=\"(max-width: 206px) 100vw, 206px\" \/><\/figure>\n\n\n\n<figure class=\"wp-block-image size-large is-resized\"><img decoding=\"async\" src=\"https:\/\/luisahausundgarten.de\/wp-content\/uploads\/2020\/02\/Blanko-1.png\" alt=\"\" class=\"wp-image-1545\" width=\"32\" height=\"21\" srcset=\"https:\/\/luisahausundgarten.de\/wp-content\/uploads\/2020\/02\/Blanko-1.png 425w, https:\/\/luisahausundgarten.de\/wp-content\/uploads\/2020\/02\/Blanko-1-300x200.png 300w\" sizes=\"(max-width: 32px) 100vw, 32px\" \/><\/figure>\n\n\n\n<p class=\"has-medium-font-size\"><strong>Unsere Leistungen f\u00fcr Ihren Garten<\/strong><\/p>\n\n\n\n<ul class=\"wp-block-list\"><li>eigener Schaugarten<\/li><li>Gartenplanung und Anlage<\/li><li>Erstellen von individuellen Pflanzpl\u00e4nen<\/li><li>Gr\u00fcnschnitt<\/li><li>Heckenschnitt<\/li><li>Unkrautentfernung<\/li><li>Rasenanlage und Pflege<\/li><li>Urlaubs-\/Sommergie\u00dfen<\/li><li>Grabbepflanzung und Pflege<\/li><li>Kehrdienst<\/li><li>Terrassen und Zaunbau<\/li><li>Pflasterarbeiten<\/li><\/ul>\n\n\n\n<p>Ihr Vorhaben ist nicht aufgef\u00fchrt? Kein Problem, sprechen Sie uns an.<\/p>\n\n\n\n<figure class=\"wp-block-gallery columns-4 is-cropped wp-block-gallery-1 is-layout-flex wp-block-gallery-is-layout-flex\"><ul class=\"blocks-gallery-grid\"><li class=\"blocks-gallery-item\"><figure><a href=\"https:\/\/luisahausundgarten.de\/wp-content\/uploads\/2020\/01\/Bl\u00fcten-1024x576.jpg\"><img fetchpriority=\"high\" decoding=\"async\" width=\"1024\" height=\"576\" src=\"https:\/\/luisahausundgarten.de\/wp-content\/uploads\/2020\/01\/Bl\u00fcten-1024x576.jpg\" alt=\"\" data-id=\"1462\" data-link=\"https:\/\/luisahausundgarten.de\/?attachment_id=1462\" class=\"wp-image-1462\" srcset=\"https:\/\/luisahausundgarten.de\/wp-content\/uploads\/2020\/01\/Bl\u00fcten-1024x576.jpg 1024w, https:\/\/luisahausundgarten.de\/wp-content\/uploads\/2020\/01\/Bl\u00fcten-300x169.jpg 300w, https:\/\/luisahausundgarten.de\/wp-content\/uploads\/2020\/01\/Bl\u00fcten-768x432.jpg 768w, https:\/\/luisahausundgarten.de\/wp-content\/uploads\/2020\/01\/Bl\u00fcten-1536x864.jpg 1536w, https:\/\/luisahausundgarten.de\/wp-content\/uploads\/2020\/01\/Bl\u00fcten-2048x1152.jpg 2048w\" sizes=\"(max-width: 1024px) 100vw, 1024px\" \/><\/a><\/figure><\/li><li class=\"blocks-gallery-item\"><figure><a href=\"https:\/\/luisahausundgarten.de\/wp-content\/uploads\/2020\/01\/Tiefgarten-3-1024x576.jpg\"><img loading=\"lazy\" decoding=\"async\" width=\"1024\" height=\"576\" src=\"https:\/\/luisahausundgarten.de\/wp-content\/uploads\/2020\/01\/Tiefgarten-3-1024x576.jpg\" alt=\"\" data-id=\"1468\" data-link=\"https:\/\/luisahausundgarten.de\/?attachment_id=1468\" class=\"wp-image-1468\" srcset=\"https:\/\/luisahausundgarten.de\/wp-content\/uploads\/2020\/01\/Tiefgarten-3-1024x576.jpg 1024w, https:\/\/luisahausundgarten.de\/wp-content\/uploads\/2020\/01\/Tiefgarten-3-300x169.jpg 300w, https:\/\/luisahausundgarten.de\/wp-content\/uploads\/2020\/01\/Tiefgarten-3-768x432.jpg 768w, https:\/\/luisahausundgarten.de\/wp-content\/uploads\/2020\/01\/Tiefgarten-3.jpg 1080w\" sizes=\"(max-width: 1024px) 100vw, 1024px\" \/><\/a><\/figure><\/li><li class=\"blocks-gallery-item\"><figure><a href=\"https:\/\/luisahausundgarten.de\/wp-content\/uploads\/2020\/01\/Fenster-1024x1024.jpg\"><img loading=\"lazy\" decoding=\"async\" width=\"1024\" height=\"1024\" src=\"https:\/\/luisahausundgarten.de\/wp-content\/uploads\/2020\/01\/Fenster-1024x1024.jpg\" alt=\"\" data-id=\"1469\" data-link=\"https:\/\/luisahausundgarten.de\/?attachment_id=1469\" class=\"wp-image-1469\" srcset=\"https:\/\/luisahausundgarten.de\/wp-content\/uploads\/2020\/01\/Fenster-1024x1024.jpg 1024w, https:\/\/luisahausundgarten.de\/wp-content\/uploads\/2020\/01\/Fenster-300x300.jpg 300w, https:\/\/luisahausundgarten.de\/wp-content\/uploads\/2020\/01\/Fenster-150x150.jpg 150w, https:\/\/luisahausundgarten.de\/wp-content\/uploads\/2020\/01\/Fenster-768x768.jpg 768w, https:\/\/luisahausundgarten.de\/wp-content\/uploads\/2020\/01\/Fenster.jpg 1080w\" sizes=\"(max-width: 1024px) 100vw, 1024px\" \/><\/a><\/figure><\/li><li class=\"blocks-gallery-item\"><figure><a href=\"https:\/\/luisahausundgarten.de\/wp-content\/uploads\/2020\/01\/Terrasse-1.jpg\"><img loading=\"lazy\" decoding=\"async\" width=\"1024\" height=\"576\" src=\"https:\/\/luisahausundgarten.de\/wp-content\/uploads\/2020\/01\/Terrasse-1-1024x576.jpg\" alt=\"\" data-id=\"1470\" data-full-url=\"https:\/\/luisahausundgarten.de\/wp-content\/uploads\/2020\/01\/Terrasse-1.jpg\" data-link=\"https:\/\/luisahausundgarten.de\/?attachment_id=1470\" class=\"wp-image-1470\" srcset=\"https:\/\/luisahausundgarten.de\/wp-content\/uploads\/2020\/01\/Terrasse-1-1024x576.jpg 1024w, https:\/\/luisahausundgarten.de\/wp-content\/uploads\/2020\/01\/Terrasse-1-300x169.jpg 300w, https:\/\/luisahausundgarten.de\/wp-content\/uploads\/2020\/01\/Terrasse-1-768x432.jpg 768w, https:\/\/luisahausundgarten.de\/wp-content\/uploads\/2020\/01\/Terrasse-1-1536x864.jpg 1536w, https:\/\/luisahausundgarten.de\/wp-content\/uploads\/2020\/01\/Terrasse-1-2048x1152.jpg 2048w\" sizes=\"(max-width: 1024px) 100vw, 1024px\" \/><\/a><\/figure><\/li><\/ul><\/figure>\n","protected":false},"excerpt":{"rendered":"<p>Gartenarbeiten aller Art Unsere Leistungen f\u00fcr Ihren Garten eigener Schaugarten Gartenplanung und Anlage Erstellen von individuellen Pflanzpl\u00e4nen Gr\u00fcnschnitt Heckenschnitt Unkrautentfernung Rasenanlage und Pflege Urlaubs-\/Sommergie\u00dfen Grabbepflanzung und Pflege Kehrdienst Terrassen und Zaunbau Pflasterarbeiten Ihr Vorhaben ist nicht aufgef\u00fchrt? Kein Problem, sprechen Sie uns an.<\/p>\n","protected":false},"author":1,"featured_media":0,"parent":0,"menu_order":0,"comment_status":"closed","ping_status":"closed","template":"","meta":{"zakra_page_container_layout":"contained","zakra_page_sidebar_layout":"no_sidebar","zakra_remove_content_margin":true,"zakra_sidebar":"customizer","zakra_transparent_header":"customizer","zakra_logo":0,"zakra_main_header_style":"default","zakra_menu_item_color":"","zakra_menu_item_hover_color":"","zakra_menu_item_active_color":"","zakra_menu_active_style":"","zakra_page_header":false,"footnotes":""},"class_list":["post-12","page","type-page","status-publish","hentry"],"yoast_head":"<!-- This site is optimized with the Yoast SEO plugin v27.3 - https:\/\/yoast.com\/product\/yoast-seo-wordpress\/ -->\n<title>Garten - LuIsa Haus &amp; Garten<\/title>\n<meta name=\"robots\" content=\"index, follow, max-snippet:-1, max-image-preview:large, max-video-preview:-1\" \/>\n<link rel=\"canonical\" href=\"https:\/\/luisahausundgarten.de\/?page_id=12\" \/>\n<meta property=\"og:locale\" content=\"de_DE\" \/>\n<meta property=\"og:type\" content=\"article\" \/>\n<meta property=\"og:title\" content=\"Garten - LuIsa Haus &amp; Garten\" \/>\n<meta property=\"og:description\" content=\"Gartenarbeiten aller Art Unsere Leistungen f\u00fcr Ihren Garten eigener Schaugarten Gartenplanung und Anlage Erstellen von individuellen Pflanzpl\u00e4nen Gr\u00fcnschnitt Heckenschnitt Unkrautentfernung Rasenanlage und Pflege Urlaubs-\/Sommergie\u00dfen Grabbepflanzung und Pflege Kehrdienst Terrassen und Zaunbau Pflasterarbeiten Ihr Vorhaben ist nicht aufgef\u00fchrt? Kein Problem, sprechen Sie uns an.\" \/>\n<meta property=\"og:url\" content=\"https:\/\/luisahausundgarten.de\/?page_id=12\" \/>\n<meta property=\"og:site_name\" content=\"LuIsa Haus &amp; Garten\" \/>\n<meta property=\"article:publisher\" content=\"https:\/\/www.facebook.com\/LuIsaHausGarten-106282787637544\/\" \/>\n<meta property=\"article:modified_time\" content=\"2020-05-23T19:43:42+00:00\" \/>\n<meta property=\"og:image\" content=\"https:\/\/luisahausundgarten.de\/wp-content\/uploads\/2020\/02\/Garten-1024x366.png\" \/>\n<meta name=\"twitter:card\" content=\"summary_large_image\" \/>\n<script type=\"application\/ld+json\" class=\"yoast-schema-graph\">{\"@context\":\"https:\\\/\\\/schema.org\",\"@graph\":[{\"@type\":\"WebPage\",\"@id\":\"https:\\\/\\\/luisahausundgarten.de\\\/?page_id=12\",\"url\":\"https:\\\/\\\/luisahausundgarten.de\\\/?page_id=12\",\"name\":\"Garten - LuIsa Haus &amp; Garten\",\"isPartOf\":{\"@id\":\"https:\\\/\\\/luisahausundgarten.de\\\/#website\"},\"primaryImageOfPage\":{\"@id\":\"https:\\\/\\\/luisahausundgarten.de\\\/?page_id=12#primaryimage\"},\"image\":{\"@id\":\"https:\\\/\\\/luisahausundgarten.de\\\/?page_id=12#primaryimage\"},\"thumbnailUrl\":\"https:\\\/\\\/luisahausundgarten.de\\\/wp-content\\\/uploads\\\/2020\\\/02\\\/Garten-1024x366.png\",\"datePublished\":\"2020-01-14T19:31:09+00:00\",\"dateModified\":\"2020-05-23T19:43:42+00:00\",\"breadcrumb\":{\"@id\":\"https:\\\/\\\/luisahausundgarten.de\\\/?page_id=12#breadcrumb\"},\"inLanguage\":\"de\",\"potentialAction\":[{\"@type\":\"ReadAction\",\"target\":[\"https:\\\/\\\/luisahausundgarten.de\\\/?page_id=12\"]}]},{\"@type\":\"ImageObject\",\"inLanguage\":\"de\",\"@id\":\"https:\\\/\\\/luisahausundgarten.de\\\/?page_id=12#primaryimage\",\"url\":\"https:\\\/\\\/luisahausundgarten.de\\\/wp-content\\\/uploads\\\/2020\\\/02\\\/Garten.png\",\"contentUrl\":\"https:\\\/\\\/luisahausundgarten.de\\\/wp-content\\\/uploads\\\/2020\\\/02\\\/Garten.png\",\"width\":1215,\"height\":434},{\"@type\":\"BreadcrumbList\",\"@id\":\"https:\\\/\\\/luisahausundgarten.de\\\/?page_id=12#breadcrumb\",\"itemListElement\":[{\"@type\":\"ListItem\",\"position\":1,\"name\":\"Startseite\",\"item\":\"https:\\\/\\\/luisahausundgarten.de\\\/\"},{\"@type\":\"ListItem\",\"position\":2,\"name\":\"Garten\"}]},{\"@type\":\"WebSite\",\"@id\":\"https:\\\/\\\/luisahausundgarten.de\\\/#website\",\"url\":\"https:\\\/\\\/luisahausundgarten.de\\\/\",\"name\":\"LuIsa - Haus und Garten\",\"description\":\"F\u00fcr ein sch\u00f6nes Zuhause\",\"publisher\":{\"@id\":\"https:\\\/\\\/luisahausundgarten.de\\\/#organization\"},\"potentialAction\":[{\"@type\":\"SearchAction\",\"target\":{\"@type\":\"EntryPoint\",\"urlTemplate\":\"https:\\\/\\\/luisahausundgarten.de\\\/?s={search_term_string}\"},\"query-input\":{\"@type\":\"PropertyValueSpecification\",\"valueRequired\":true,\"valueName\":\"search_term_string\"}}],\"inLanguage\":\"de\"},{\"@type\":\"Organization\",\"@id\":\"https:\\\/\\\/luisahausundgarten.de\\\/#organization\",\"name\":\"LuIsa Haus & Garten\",\"url\":\"https:\\\/\\\/luisahausundgarten.de\\\/\",\"logo\":{\"@type\":\"ImageObject\",\"inLanguage\":\"de\",\"@id\":\"https:\\\/\\\/luisahausundgarten.de\\\/#\\\/schema\\\/logo\\\/image\\\/\",\"url\":\"https:\\\/\\\/luisahausundgarten.de\\\/wp-content\\\/uploads\\\/2020\\\/03\\\/LHGLOGO.jpg\",\"contentUrl\":\"https:\\\/\\\/luisahausundgarten.de\\\/wp-content\\\/uploads\\\/2020\\\/03\\\/LHGLOGO.jpg\",\"width\":1205,\"height\":803,\"caption\":\"LuIsa Haus & Garten\"},\"image\":{\"@id\":\"https:\\\/\\\/luisahausundgarten.de\\\/#\\\/schema\\\/logo\\\/image\\\/\"},\"sameAs\":[\"https:\\\/\\\/www.facebook.com\\\/LuIsaHausGarten-106282787637544\\\/\"]}]}<\/script>\n<!-- \/ Yoast SEO plugin. -->","yoast_head_json":{"title":"Garten - LuIsa Haus &amp; Garten","robots":{"index":"index","follow":"follow","max-snippet":"max-snippet:-1","max-image-preview":"max-image-preview:large","max-video-preview":"max-video-preview:-1"},"canonical":"https:\/\/luisahausundgarten.de\/?page_id=12","og_locale":"de_DE","og_type":"article","og_title":"Garten - LuIsa Haus &amp; Garten","og_description":"Gartenarbeiten aller Art Unsere Leistungen f\u00fcr Ihren Garten eigener Schaugarten Gartenplanung und Anlage Erstellen von individuellen Pflanzpl\u00e4nen Gr\u00fcnschnitt Heckenschnitt Unkrautentfernung Rasenanlage und Pflege Urlaubs-\/Sommergie\u00dfen Grabbepflanzung und Pflege Kehrdienst Terrassen und Zaunbau Pflasterarbeiten Ihr Vorhaben ist nicht aufgef\u00fchrt? Kein Problem, sprechen Sie uns an.","og_url":"https:\/\/luisahausundgarten.de\/?page_id=12","og_site_name":"LuIsa Haus &amp; Garten","article_publisher":"https:\/\/www.facebook.com\/LuIsaHausGarten-106282787637544\/","article_modified_time":"2020-05-23T19:43:42+00:00","og_image":[{"url":"https:\/\/luisahausundgarten.de\/wp-content\/uploads\/2020\/02\/Garten-1024x366.png","type":"","width":"","height":""}],"twitter_card":"summary_large_image","schema":{"@context":"https:\/\/schema.org","@graph":[{"@type":"WebPage","@id":"https:\/\/luisahausundgarten.de\/?page_id=12","url":"https:\/\/luisahausundgarten.de\/?page_id=12","name":"Garten - LuIsa Haus &amp; Garten","isPartOf":{"@id":"https:\/\/luisahausundgarten.de\/#website"},"primaryImageOfPage":{"@id":"https:\/\/luisahausundgarten.de\/?page_id=12#primaryimage"},"image":{"@id":"https:\/\/luisahausundgarten.de\/?page_id=12#primaryimage"},"thumbnailUrl":"https:\/\/luisahausundgarten.de\/wp-content\/uploads\/2020\/02\/Garten-1024x366.png","datePublished":"2020-01-14T19:31:09+00:00","dateModified":"2020-05-23T19:43:42+00:00","breadcrumb":{"@id":"https:\/\/luisahausundgarten.de\/?page_id=12#breadcrumb"},"inLanguage":"de","potentialAction":[{"@type":"ReadAction","target":["https:\/\/luisahausundgarten.de\/?page_id=12"]}]},{"@type":"ImageObject","inLanguage":"de","@id":"https:\/\/luisahausundgarten.de\/?page_id=12#primaryimage","url":"https:\/\/luisahausundgarten.de\/wp-content\/uploads\/2020\/02\/Garten.png","contentUrl":"https:\/\/luisahausundgarten.de\/wp-content\/uploads\/2020\/02\/Garten.png","width":1215,"height":434},{"@type":"BreadcrumbList","@id":"https:\/\/luisahausundgarten.de\/?page_id=12#breadcrumb","itemListElement":[{"@type":"ListItem","position":1,"name":"Startseite","item":"https:\/\/luisahausundgarten.de\/"},{"@type":"ListItem","position":2,"name":"Garten"}]},{"@type":"WebSite","@id":"https:\/\/luisahausundgarten.de\/#website","url":"https:\/\/luisahausundgarten.de\/","name":"LuIsa - Haus und Garten","description":"F\u00fcr ein sch\u00f6nes Zuhause","publisher":{"@id":"https:\/\/luisahausundgarten.de\/#organization"},"potentialAction":[{"@type":"SearchAction","target":{"@type":"EntryPoint","urlTemplate":"https:\/\/luisahausundgarten.de\/?s={search_term_string}"},"query-input":{"@type":"PropertyValueSpecification","valueRequired":true,"valueName":"search_term_string"}}],"inLanguage":"de"},{"@type":"Organization","@id":"https:\/\/luisahausundgarten.de\/#organization","name":"LuIsa Haus & Garten","url":"https:\/\/luisahausundgarten.de\/","logo":{"@type":"ImageObject","inLanguage":"de","@id":"https:\/\/luisahausundgarten.de\/#\/schema\/logo\/image\/","url":"https:\/\/luisahausundgarten.de\/wp-content\/uploads\/2020\/03\/LHGLOGO.jpg","contentUrl":"https:\/\/luisahausundgarten.de\/wp-content\/uploads\/2020\/03\/LHGLOGO.jpg","width":1205,"height":803,"caption":"LuIsa Haus & Garten"},"image":{"@id":"https:\/\/luisahausundgarten.de\/#\/schema\/logo\/image\/"},"sameAs":["https:\/\/www.facebook.com\/LuIsaHausGarten-106282787637544\/"]}]}},"_links":{"self":[{"href":"https:\/\/luisahausundgarten.de\/index.php?rest_route=\/wp\/v2\/pages\/12","targetHints":{"allow":["GET"]}}],"collection":[{"href":"https:\/\/luisahausundgarten.de\/index.php?rest_route=\/wp\/v2\/pages"}],"about":[{"href":"https:\/\/luisahausundgarten.de\/index.php?rest_route=\/wp\/v2\/types\/page"}],"author":[{"embeddable":true,"href":"https:\/\/luisahausundgarten.de\/index.php?rest_route=\/wp\/v2\/users\/1"}],"replies":[{"embeddable":true,"href":"https:\/\/luisahausundgarten.de\/index.php?rest_route=%2Fwp%2Fv2%2Fcomments&post=12"}],"version-history":[{"count":18,"href":"https:\/\/luisahausundgarten.de\/index.php?rest_route=\/wp\/v2\/pages\/12\/revisions"}],"predecessor-version":[{"id":1719,"href":"https:\/\/luisahausundgarten.de\/index.php?rest_route=\/wp\/v2\/pages\/12\/revisions\/1719"}],"wp:attachment":[{"href":"https:\/\/luisahausundgarten.de\/index.php?rest_route=%2Fwp%2Fv2%2Fmedia&parent=12"}],"curies":[{"name":"wp","href":"https:\/\/api.w.org\/{rel}","templated":true}]}}